ird derivative of 5/6*o**3 - 1/60*o**5 + 0 + h*o**4 + 0*o + 2*o**2. Determine x(0).
5
Let y(w) be the third derivative of w**2 + 1/8*w**4 + 7/6*w**3 + 0*w + 0. Let m = -15 + 10. Give y(m).
-8
Let b(m) = m - 3. Suppose -2*y - 4*c - 25 = c, -4*y + 5*c + 25 = 0. Determine b(y).
-3
Let o(k) = 8*k**2. Suppose 0 = -3*s + 7*s + 4. What is o(s)?
8
Suppose -5*b + 10 = 0, -2*b = -3*f - 3*b + 11. Let m = -1 - f. Let a(r) = -2*r**2 - 5*r + 4. What is a(m)?
-8
Suppose 2*l = -0*l - 10. Let j = l - -4. Let n(w) = -w**3 - w**2 - w. Give n(j).
1
Let m(c) = 0 - 20*c + 1 + 12*c + 7*c. What is m(2)?
-1
Let a(y) = -y**2 + 6*y + 2. Let f = 11 + -7. Suppose -f*r - 33 = -5*w, -w = w + 2*r - 6. What is a(w)?
7
Suppose k - 4 - 21 = 0. Suppose k = 6*z - 5. Let c(q) = -q**3 + 5*q**2 + 2*q - 2. Calculate c(z).
8
Let s = 28 - 23. Let k(w) = w**3 - 5*w**2 + 3*w - 7. What is k(s)?
8
Let m(c) be the second derivative of -c**4/12 + c**3/3 - c**2 - 8*c. Calculate m(4).
-10
Suppose -q = -0 + 1. Let n(t) = 3*t**2. Determine n(q).
3
Let x(n) = -1. Let j(w) = 4*w - 6. Suppose 2*s - 24 = s. Suppose 2*z - s = -2*z. Let p(h) = z*x(h) - j(h). Calculate p(-1).
4
Let z = 3331/30 - 111. Let i(k) be the third derivative of z*k**5 + 0 + 1/6*k**3 - 2*k**2 + 0*k - 1/24*k**4. Give i(1).
2
Let c be ((-12)/2 - -2)*-1. Let n(q) = q**2 - 9*q + 2. Let i be n(9). Let g(f) = i + c*f + f**2 - f**3 - 4*f. Calculate g(2).
-2
Let z be (16/10)/(16/40). Suppose -2*l + 2*n = -3*l + 11, -z = l - n. Let c(x) = -x**2 - x. Calculate c(l).
-2
Let k(c) be the first derivative of c + 2/3*c**3 - 4 - c**2. Determine k(1).
1
Let w(t) = 3*t - 10. Let j be w(5). Suppose -o = -2*i + 2*o + 17, 19 = i - j*o. Let d(f) = f**2 - 4*f - 2. Give d(i).
-2
Suppose 4*m - l + 54 + 10 = 0, 0 = 2*l. Let z = 17 + m. Let x(y) = 2*y**3 + y**2. Calculate x(z).
3
Suppose 9 = -7*n + 10*n. Let c(s) = s**2 + 0*s**n - 2*s**2 - 5*s**2 + 5 - 2*s + s**3. Give c(6).
-7
Let t(m) = -3*m**2 + 5*m - 6. Let k(q) = -2*q**2 + 4*q - 6. Let p(j) = 4*k(j) - 3*t(j). Give p(0).
-6
Let c = 12 - 9. Let z(d) = -23 + 11 + 8 + 5 - d. Calculate z(c).
-2
Let a = -3 + 1. Suppose w = 4*w - q - 5, w - 5 = q. Let p(c) = -6*c + w + 1 - 3. Calculate p(a).
10
Let o(h) = 2 + 0*h - h - 1. Let c be o(0). Let x(b) = b**2 - b. Determine x(c).
0
Let n(f) = -2*f**2 - f - 1. Let i(u) = u**3 + 7*u**2 + 6*u + 1. Let z = -7 + 1. Let d be i(z). Suppose -d - 1 = 2*m. Give n(m).
-2
Let m(u) = -u**3 - 4*u**2 + u + 3. Let l = 14 - 9. Let q(p) = p**3 - 6*p**2 + 7*p - 6. Let h be q(l). Let d = h - 8. Calculate m(d).
-1
Let g(v) = v**3 - 6*v**2 + 2*v + 5. Suppose -4*i + 4 - 8 = 0. Let k be -2 + 0/i - -7. Give g(k).
-10
Suppose 8 = -l + 2*y, -l - 2 = -y + 3. Let o(d) = 2*d + 1 + d**2 - 2*d. Give o(l).
5
Let c(o) = -2*o + 1. Suppose h + h - 2 = 0. Suppose -2*f = -k - 3, h - 12 = -3*f - 5*k. Give c(f).
-3
Let h(x) = x**2 - 8*x - 2. Let z be h(8). Let v(m) = -m**2 - 2*m - 1. Let a be v(z). Let d(s) be the first derivative of -5*s**3/3 + s - 1. What is d(a)?
-4
Let q be (0 - (-4)/8)*-12. Let p(h) = h**3 + 5*h**2 - 4*h + 7. Calculate p(q).
-5
Let g(y) = y + 2. Let w(p) be the second derivative of -p**3/6 - 3*p**2/2 + 3*p. Let r(x) = -2*g(x) - 3*w(x). Give r(4).
9
Let b(w) = w - 6. Suppose -39 = 3*t - h, -2*t = -3*h + 4*h + 26. Let k = t - -19. What is b(k)?
0
Let o(m) = m**2 + 2 - 4 + 4 - 5 + 6*m. Let d = 8 + -13. Give o(d).
-8
Suppose 0 = 3*z + o - 3*o - 17, -2*z + 4*o = -6. Let y(i) = i**3 - 6*i**2 - 5*i - 9. Give y(z).
5
Let p(c) = 10*c**2 + c + 4. Let d(u) = 9*u**2 + u + 3. Let s(h) = 4*d(h) - 3*p(h). Determine s(-1).
5
Let t(k) = 3*k**2 - 1. Let m be t(-1). Let f(j) = 2*j**2 - 1. Give f(m).
7
Let a(l) = 2*l + 3 - 2*l - l. Let q(k) = k**3 + 21*k**2 - 22*k + 6. Let n be q(-22). Calculate a(n).
-3
Let m(q) = -4*q**2 - 14*q + 3. Let n(b) = 2*b**2 + 7*b - 2. Let x(a) = 6*m(a) + 11*n(a). Let y be 1*(-3)/(12/(-16)). Suppose 8 = -6*u + y*u. What is x(u)?
-8
Let c(p) = p**3 - p**2 + 2*p - 2. Suppose 3*s - 6 - 9 = 0. Suppose 68 = s*m - 5*q + 23, 2*m = -3*q - 2. Let z = m - 3. Determine c(z).
6
Suppose 0 = 5*a - 5*b, 6*a - a + 2*b = 21. Let h(n) be the first derivative of 2 - 5/2*n**2 - 1/3*n**a + 5*n. Determine h(-4).
9
Let m(u) = u. Let x(n) = n**3 + 6*n**2 + 6*n + 2. Let w(d) = -2*m(d) + x(d). Give w(-5).
7
Let f(p) = -p**3 + 4*p**2 + 5*p - 2. Suppose 2*h - 6 = -4*b, 0 = b - 0*h + h - 1. Suppose -b*m - 10 = 3*m, -3 = -d - m. Calculate f(d).
-2
Let u(k) be the second derivative of k**5/20 - k**4/6 - k**3/6 - k**2/2 - k. Let v = -10 - -12. Let z = 5 - v. Determine u(z).
5
Let b(c) = -c**3 + 5*c**2 - c - 2. Suppose -2*w + 20 = 4. Let x = w + -4. Determine b(x).
10
Let i = -15 + 9. Let d(m) = m**3 + 6*m**2 - 2*m - 7. Determine d(i).
5
Suppose 3*a + 19 = -5*n, 0*n + 4*n + 16 = -2*a. Let z be (0 + 1)/((-1)/(-4)). Let l(g) = -g**3 - g**2 - 3*g + z*g**2 + 3*g - 2*g. Give l(a).
0
Let u(d) = d**3 - 4*d**2 + 3. Let s be u(4). Suppose s*k - 27 = 3*a, k - 15 = -2*k - a. Let v(r) = -4*r + k*r - 2 - 1. Determine v(4).
5
Let i(g) = 4*g - 2. Let c be ((-2)/(-5))/(1/5). Let q be i(c). Suppose -2 - q = -2*f, o = 3*f - 9. Let z(s) = s - 1. Calculate z(o).
2
Let j(w) be the first derivative of -1 + 1/3*w**4 + 0*w**2 + 1/120*w**5 - 2/3*w**3 + 0*w. Let x(p) be the third derivative of j(p). What is x(-5)?
3
Let t(x) = -x**3 - 5*x**2 - x - 3. Let a be t(-5). Let f(j) = -8*j + 1 + j**a + 5*j - 3. Determine f(3).
-2
Let j(v) = 3*v**2 - 3*v. Let f(b) = b**2 - b. Let x(q) = 4*f(q) - j(q). Suppose -3 + 0 = -u. Give x(u).
6
Suppose g = j + 6, 4*g - 1 = -5*j + 5. Let l(s) = s**2 - 5*s - 2. Determine l(g).
-6
Suppose 0 = -3*t + 17 - 8. Let y(b) = -t*b**2 + 4*b**2 - 2*b - 3*b. Determine y(4).
-4
Let w(k) be the first derivative of -k**4/4 + k**3/3 + k + 1. Let l(f) = -4*f**3 - 3*f**2 - 3. Let y(p) = -l(p) + 3*w(p). Calculate y(-6).
6
Let s(p) = 1 - 3*p**2 - 3*p**3 + 8*p + p**3 + 0. Let i(q) = -q**3 - q**2 + 4*q. Let d(z) = -9*i(z) + 4*s(z). What is d(4)?
4
Let d(y) be the first derivative of 1/3*y**3 - 3*y**2 + 0*y + 2. Determine d(5).
-5
Let u(l) be the second derivative of -l**5/20 + 5*l**4/12 - l**3/2 - l**2 + 8*l. Give u(3).
7
Let r(n) = 5*n + 1. Let l be (2 - -1)/((-12)/(-8)). Suppose l*t - 4 = 2. Suppose 11 = -5*u - 3*v, -t*v - 14 = 4*u + 2*v. What is r(u)?
-4
Suppose -4*x + 2 = -3*x. Let t(s) = 6*s**2 + x*s + 3*s**2 - s. Calculate t(1).
10
Let k(m) be the third derivative of m**6/120 + m**5/20 + m**4/6 + 2*m**3/3 + 2*m**2. Suppose 0 = 4*j - 2*h + 18, 3*j - 4*h - 3 = -8*h. What is k(j)?
-8
Let z(q) be the second derivative of -2*q**3/3 + q**2 + q. What is z(2)?
-6
Let i(s) be the first derivative of s**7/840 - s**5/120 + 2*s**3 + 1. Let j(y) be the third derivative of i(y). Give j(-1).
0
Let p(v) = v + 11. Suppose 7*q = 2*q + 2*h - 38, -2*h = -4*q - 30. Give p(q).
3
Let x be ((-14)/6)/(2/(-12)). Let c = x + -14. Let l(k) = -k**2 + k - 5. What is l(c)?
-5
Suppose -x + 4*b - 17 = 0, 55 = -0*x - 4*x + 3*b. Let m = -18 - x. Let f(i) = -i**3 - 6*i**2 - 5*i + 2. What is f(m)?
2
Let x(n) = -n**2 - n + 4. Suppose 0*c + 18 = -c - 4*a, -5*c - a = -5. Let o(z) = 3*z**2 + 0*z**c + 0*z - 11 + 3*z. Let b(h) = 4*o(h) + 11*x(h). Determine b(2).
6
Let j(p) = p + 10. Let q = 15 + -8. Let o(i) = 3. Let r(w) = q*o(w) - 2*j(w). Give r(-1).
3
Let z(b) = -2*b - 1. Suppose -3*i = 33 - 9. Let g = i - -4. Calculate z(g).
7
Let t(n) = n**3 - 6*n**2 - 8*n + 4. Suppose -3*i - 2*s = -25, 4*i + 2*s - 15 - 17 = 0. What is t(i)?
-3
Let a be ((-1)/(-12) - 0)/1. Let f(v) be the third derivative of 0*v**3 - 1/120*v**6 + v**2 + 0*v - 1/6*v**4 - a*v**5 + 0. What is f(-3)?
-6
Let s(j) = j + 5. Let x be s(8). Let n(d) = -d + 1. Let t be n(-7). Let z = t - x. Let c(o) = -o**2 - 5*o - 1. What is c(z)?
-1
Let y(d) = 2*d**2 + d + 1. Suppose -2 = -2*b + 6. Suppose -24 = 4*z + b*q, -5*z = -0*z + 4*q + 25. Calculate y(z).
2
Suppose -7 + 1 = -3*n. Let o(c) = -5*c**3 + c**2 - c - 3 + 7 - 4*c**n + 4*c**3. Calculate o(-3).
7
Let x(n) = 5*n - n - 596 + 593 + 2*n - 5*n. Suppose y - 15 = -4*y. Suppose -y*q = -0*q. Calculate x(q).
-3
Let m(a) be the second derivative of -a**4/12 - a**3/6 - a**2/2 - 23*a. Give m(0).
-1
Let q(y) = -y**3 - 3*y**2 + 4*y. Suppose g - 2 = -6. What is q(g)?
0
Let p(s) = -4 + 32*s + 8 + 37*s - 67*s. Give p(-6).
-8
Let m be ((-3)/5)/((-3)/15). Let p(n